{"id":1337,"date":"2023-08-16T18:31:41","date_gmt":"2023-08-16T16:31:41","guid":{"rendered":"https:\/\/themes.getmotopress.com\/booklium-default\/?page_id=774"},"modified":"2023-09-30T20:32:56","modified_gmt":"2023-09-30T18:32:56","slug":"test","status":"publish","type":"page","link":"https:\/\/conciergerie-immobiliere.fr\/index.php\/test\/","title":{"rendered":"Bienvenue sur votre espace personnel,"},"content":{"rendered":"<p><? if mphb_account id=\"npgservices@outlook.fr\" : then (<mphb_room id=\"1622\")\nendif ; ?> <\/p>\n\n\n\n<p><\/p>\n\n\n\n<pre class=\"wp-block-code\"><code><\/code><\/pre>\n\n\n\n<p><\/p>\n\n\n\n<div class=\"wp-block-getwid-section getwid-section-content-custom-width\" style=\"margin-bottom:60px\"><div class=\"wp-block-getwid-section__wrapper getwid-padding-left-none getwid-padding-right-none\"><div class=\"wp-block-getwid-section__inner-wrapper\" style=\"max-width:892px\"><div class=\"wp-block-getwid-section__background-holder\"><div class=\"wp-block-getwid-section__background\"><\/div><div class=\"wp-block-getwid-section__foreground\"><\/div><\/div><div class=\"wp-block-getwid-section__content\"><div class=\"wp-block-getwid-section__inner-content\">\n<p>Vous retrouverez ici vos information de contact, l&rsquo;annonce de votre appartement ainsi que le calendrier des locations.<\/p>\n\n\n\n<p>Informations de contact:<br>Adresse e-mail:<br>Num\u00e9ro de t\u00e9l\u00e9phone:<br>Adresse de l&rsquo;appartement: Olvera 403 \u2022 70 place de Roche Noire &#8211; 73450 Valmeinier<\/p>\n\n\n\n<p><\/p>\n\n\n\n<div class=\"mphb_sc_room-wrapper \"><\/div>\n\n\n\n<p><\/p>\n<\/div><\/div><\/div><\/div><\/div>\n\n\n\n<div class=\"wp-block-columns has-2-columns is-layout-flex wp-container-core-columns-layout-1 wp-block-columns-is-layout-flex\">\n<div class=\"wp-block-column is-layout-flow wp-block-column-is-layout-flow\">\n<div class=\"wp-block-getwid-images-stack is-layout-zeta\"><div class=\"wp-block-getwid-images-stack__wrapper\"><div class=\"wp-block-getwid-images-stack__chunk\"><div class=\"wp-block-getwid-images-stack__media-wrapper\"><div class=\"wp-block-getwid-images-stack__media-inner-wrapper\"><img decoding=\"async\" class=\"wp-block-getwid-images-stack__media wp-image-530\" src=\"https:\/\/conciergerie-immobiliere.fr\/wp-content\/uploads\/2019\/08\/italy-2-1.jpg\" alt=\"\" data-id=\"530\" data-link=\"https:\/\/themes.getmotopress.com\/booklium-default\/accommodation\/summer-villa-alexandria\/italy-2-1\/\"\/><\/div><\/div><div class=\"wp-block-getwid-images-stack__media-wrapper\"><div class=\"wp-block-getwid-images-stack__media-inner-wrapper\"><img decoding=\"async\" class=\"wp-block-getwid-images-stack__media wp-image-556\" src=\"https:\/\/conciergerie-immobiliere.fr\/wp-content\/uploads\/2019\/09\/amenities.jpg\" alt=\"\" data-id=\"556\" data-link=\"https:\/\/themes.getmotopress.com\/booklium-default\/amenities\/amenities-2\/\"\/><\/div><\/div><div class=\"wp-block-getwid-images-stack__media-wrapper\"><div class=\"wp-block-getwid-images-stack__media-inner-wrapper\"><img decoding=\"async\" class=\"wp-block-getwid-images-stack__media wp-image-557\" src=\"https:\/\/conciergerie-immobiliere.fr\/wp-content\/uploads\/2019\/09\/swimming-pool.jpg\" alt=\"\" data-id=\"557\" data-link=\"https:\/\/themes.getmotopress.com\/booklium-default\/amenities\/swimming-pool\/\"\/><\/div><\/div><\/div><\/div><\/div>\n<\/div>\n\n\n\n<div class=\"wp-block-column is-layout-flow wp-block-column-is-layout-flow\">\n<div class=\"wp-block-getwid-section\"><div class=\"wp-block-getwid-section__wrapper getwid-padding-right-none\" style=\"padding-left:60px\"><div class=\"wp-block-getwid-section__inner-wrapper\"><div class=\"wp-block-getwid-section__background-holder\"><div class=\"wp-block-getwid-section__background\"><\/div><div class=\"wp-block-getwid-section__foreground\"><\/div><\/div><div class=\"wp-block-getwid-section__content\"><div class=\"wp-block-getwid-section__inner-content\">\n<div class=\"wp-block-getwid-advanced-heading\" style=\"margin-bottom:25px\"><h2 class=\"wp-block-getwid-advanced-heading__content\">Olvera 403<\/h2><\/div>\n\n\n\n<p>R\u00e9daction annonce<\/p>\n\n\n\n<p>Suspendisse ultricies suscipit tincidunt. Donec posuere eleifend pulvinar. Fusce mattis tellus eget turpis mollis laoreet. <\/p>\n\n\n\n<p>Integer nec mattis urna. Nunc condimentum eu ex at volutpat. Phasellus elementum urna libero, nec hendrerit velit imperdiet eget. <\/p>\n\n\n\n<p>Mauris porttitor, diam mattis ullamcorper elementum, nulla diam mollis libero, ut sollicitudin justo orci ac massa. Maecenas suscipit tellus sed eros semper ornare. Morbi ullamcorper lacus massa, in congue massa semper sed.<\/p>\n<\/div><\/div><\/div><\/div><\/div>\n<\/div>\n<\/div>\n\n\n\n<div style=\"height:35px\" aria-hidden=\"true\" class=\"wp-block-spacer\"><\/div>\n\n\n\n<div class=\"wp-block-buttons is-content-justification-center is-layout-flex wp-container-core-buttons-layout-1 wp-block-buttons-is-layout-flex\">\n<div class=\"wp-block-button has-custom-font-size has-normal-font-size\"><a class=\"wp-block-button__link has-white-color has-tangerine-yellow-background-color has-text-color has-background wp-element-button\" href=\"https:\/\/conciergerie-immobiliere.fr\/index.php\/calendar\/olvera-403\/\">VOTRE CALENDRIER<\/a><\/div>\n<\/div>\n","protected":false},"excerpt":{"rendered":"<p>Bienvenue sur votre espace personnel<\/p>\n","protected":false},"author":1,"featured_media":0,"parent":0,"menu_order":0,"comment_status":"closed","ping_status":"closed","template":"template-wide-page.php","meta":{"om_disable_all_campaigns":false,"inline_featured_image":false,"_monsterinsights_skip_tracking":false,"_monsterinsights_sitenote_active":false,"_monsterinsights_sitenote_note":"","_monsterinsights_sitenote_category":0,"footnotes":""},"aioseo_notices":[],"_links":{"self":[{"href":"https:\/\/conciergerie-immobiliere.fr\/index.php\/wp-json\/wp\/v2\/pages\/1337"}],"collection":[{"href":"https:\/\/conciergerie-immobiliere.fr\/index.php\/wp-json\/wp\/v2\/pages"}],"about":[{"href":"https:\/\/conciergerie-immobiliere.fr\/index.php\/wp-json\/wp\/v2\/types\/page"}],"author":[{"embeddable":true,"href":"https:\/\/conciergerie-immobiliere.fr\/index.php\/wp-json\/wp\/v2\/users\/1"}],"replies":[{"embeddable":true,"href":"https:\/\/conciergerie-immobiliere.fr\/index.php\/wp-json\/wp\/v2\/comments?post=1337"}],"version-history":[{"count":10,"href":"https:\/\/conciergerie-immobiliere.fr\/index.php\/wp-json\/wp\/v2\/pages\/1337\/revisions"}],"predecessor-version":[{"id":1854,"href":"https:\/\/conciergerie-immobiliere.fr\/index.php\/wp-json\/wp\/v2\/pages\/1337\/revisions\/1854"}],"wp:attachment":[{"href":"https:\/\/conciergerie-immobiliere.fr\/index.php\/wp-json\/wp\/v2\/media?parent=1337"}],"curies":[{"name":"wp","href":"https:\/\/api.w.org\/{rel}","templated":true}]}}

<p><? if mphb_account id="npgservices@outlook.fr" : then (<mphb_room id="1622")
endif ; ?> </p>



<p></p>



<pre class="wp-block-code"><code></code></pre>



<p></p>



<div class="wp-block-getwid-section getwid-section-content-custom-width" style="margin-bottom:60px"><div class="wp-block-getwid-section__wrapper getwid-padding-left-none getwid-padding-right-none"><div class="wp-block-getwid-section__inner-wrapper" style="max-width:892px"><div class="wp-block-getwid-section__background-holder"><div class="wp-block-getwid-section__background"></div><div class="wp-block-getwid-section__foreground"></div></div><div class="wp-block-getwid-section__content"><div class="wp-block-getwid-section__inner-content">
<p>Vous retrouverez ici vos information de contact, l&rsquo;annonce de votre appartement ainsi que le calendrier des locations.</p>



<p>Informations de contact:<br>Adresse e-mail:<br>Numéro de téléphone:<br>Adresse de l&rsquo;appartement: Olvera 403 • 70 place de Roche Noire &#8211; 73450 Valmeinier</p>



<p></p>



<div class="mphb_sc_room-wrapper "></div>



<p></p>
</div></div></div></div></div>



<div class="wp-block-columns has-2-columns is-layout-flex wp-container-core-columns-layout-1 wp-block-columns-is-layout-flex">
<div class="wp-block-column is-layout-flow wp-block-column-is-layout-flow">
<div class="wp-block-getwid-images-stack is-layout-zeta"><div class="wp-block-getwid-images-stack__wrapper"><div class="wp-block-getwid-images-stack__chunk"><div class="wp-block-getwid-images-stack__media-wrapper"><div class="wp-block-getwid-images-stack__media-inner-wrapper"><img decoding="async" class="wp-block-getwid-images-stack__media wp-image-530" src="https://conciergerie-immobiliere.fr/wp-content/uploads/2019/08/italy-2-1.jpg" alt="" data-id="530" data-link="https://themes.getmotopress.com/booklium-default/accommodation/summer-villa-alexandria/italy-2-1/"/></div></div><div class="wp-block-getwid-images-stack__media-wrapper"><div class="wp-block-getwid-images-stack__media-inner-wrapper"><img decoding="async" class="wp-block-getwid-images-stack__media wp-image-556" src="https://conciergerie-immobiliere.fr/wp-content/uploads/2019/09/amenities.jpg" alt="" data-id="556" data-link="https://themes.getmotopress.com/booklium-default/amenities/amenities-2/"/></div></div><div class="wp-block-getwid-images-stack__media-wrapper"><div class="wp-block-getwid-images-stack__media-inner-wrapper"><img decoding="async" class="wp-block-getwid-images-stack__media wp-image-557" src="https://conciergerie-immobiliere.fr/wp-content/uploads/2019/09/swimming-pool.jpg" alt="" data-id="557" data-link="https://themes.getmotopress.com/booklium-default/amenities/swimming-pool/"/></div></div></div></div></div>
</div>



<div class="wp-block-column is-layout-flow wp-block-column-is-layout-flow">
<div class="wp-block-getwid-section"><div class="wp-block-getwid-section__wrapper getwid-padding-right-none" style="padding-left:60px"><div class="wp-block-getwid-section__inner-wrapper"><div class="wp-block-getwid-section__background-holder"><div class="wp-block-getwid-section__background"></div><div class="wp-block-getwid-section__foreground"></div></div><div class="wp-block-getwid-section__content"><div class="wp-block-getwid-section__inner-content">
<div class="wp-block-getwid-advanced-heading" style="margin-bottom:25px"><h2 class="wp-block-getwid-advanced-heading__content">Olvera 403</h2></div>



<p>Rédaction annonce</p>



<p>Suspendisse ultricies suscipit tincidunt. Donec posuere eleifend pulvinar. Fusce mattis tellus eget turpis mollis laoreet. </p>



<p>Integer nec mattis urna. Nunc condimentum eu ex at volutpat. Phasellus elementum urna libero, nec hendrerit velit imperdiet eget. </p>



<p>Mauris porttitor, diam mattis ullamcorper elementum, nulla diam mollis libero, ut sollicitudin justo orci ac massa. Maecenas suscipit tellus sed eros semper ornare. Morbi ullamcorper lacus massa, in congue massa semper sed.</p>
</div></div></div></div></div>
</div>
</div>



<div style="height:35px" aria-hidden="true" class="wp-block-spacer"></div>



<div class="wp-block-buttons is-content-justification-center is-layout-flex wp-container-core-buttons-layout-1 wp-block-buttons-is-layout-flex">
<div class="wp-block-button has-custom-font-size has-normal-font-size"><a class="wp-block-button__link has-white-color has-tangerine-yellow-background-color has-text-color has-background wp-element-button" href="https://conciergerie-immobiliere.fr/index.php/calendar/olvera-403/">VOTRE CALENDRIER</a></div>
</div>
