{"id":9,"date":"2023-09-06T13:32:47","date_gmt":"2023-09-06T11:32:47","guid":{"rendered":"https:\/\/themes.getmotopress.com\/palmeria\/booking-confirmation\/payment-success\/"},"modified":"2023-09-06T15:44:24","modified_gmt":"2023-09-06T13:44:24","slug":"payment-success","status":"publish","type":"page","link":"https:\/\/conciergerie-immobiliere.fr\/index.php\/booking-confirmation\/payment-success\/","title":{"rendered":"Paiement accept\u00e9 &#038; r\u00e9servation confirm\u00e9e"},"content":{"rendered":"\n<p><\/p>\n\n\n<div class=\"mphb_sc_booking_confirmation\"><\/div>","protected":false},"excerpt":{"rendered":"<p>Merci pour votre paiement. Votre transaction a \u00e9t\u00e9 effectu\u00e9e avec succ\u00e8s. Une confirmation de r\u00e9servation vous a \u00e9t\u00e9 envoy\u00e9e par e-mail.<\/p>\n","protected":false},"author":1,"featured_media":0,"parent":587,"menu_order":0,"comment_status":"closed","ping_status":"closed","template":"","meta":{"om_disable_all_campaigns":false,"inline_featured_image":false,"_monsterinsights_skip_tracking":false,"_monsterinsights_sitenote_active":false,"_monsterinsights_sitenote_note":"","_monsterinsights_sitenote_category":0,"footnotes":""},"aioseo_notices":[],"_links":{"self":[{"href":"https:\/\/conciergerie-immobiliere.fr\/index.php\/wp-json\/wp\/v2\/pages\/9"}],"collection":[{"href":"https:\/\/conciergerie-immobiliere.fr\/index.php\/wp-json\/wp\/v2\/pages"}],"about":[{"href":"https:\/\/conciergerie-immobiliere.fr\/index.php\/wp-json\/wp\/v2\/types\/page"}],"author":[{"embeddable":true,"href":"https:\/\/conciergerie-immobiliere.fr\/index.php\/wp-json\/wp\/v2\/users\/1"}],"replies":[{"embeddable":true,"href":"https:\/\/conciergerie-immobiliere.fr\/index.php\/wp-json\/wp\/v2\/comments?post=9"}],"version-history":[{"count":5,"href":"https:\/\/conciergerie-immobiliere.fr\/index.php\/wp-json\/wp\/v2\/pages\/9\/revisions"}],"predecessor-version":[{"id":1646,"href":"https:\/\/conciergerie-immobiliere.fr\/index.php\/wp-json\/wp\/v2\/pages\/9\/revisions\/1646"}],"up":[{"embeddable":true,"href":"https:\/\/conciergerie-immobiliere.fr\/index.php\/wp-json\/wp\/v2\/pages\/587"}],"wp:attachment":[{"href":"https:\/\/conciergerie-immobiliere.fr\/index.php\/wp-json\/wp\/v2\/media?parent=9"}],"curies":[{"name":"wp","href":"https:\/\/api.w.org\/{rel}","templated":true}]}}